{"version":"1.0","provider_name":"malopozoriste","provider_url":"https:\/\/malopozoriste.smashingpixel.net\/sr-latn\/","author_name":"P0p4r7","author_url":"https:\/\/malopozoriste.smashingpixel.net\/sr-latn\/author\/p0p4r7\/","title":"Premijera predstave \u201eTesla\u201c i vikend posve\u0107en nauci - malopozoriste","type":"rich","width":600,"height":338,"html":"<blockquote class=\"wp-embedded-content\" data-secret=\"MYTYIp9rMN\"><a href=\"https:\/\/malopozoriste.smashingpixel.net\/sr-latn\/premijera-predstave-tesla-i-vikend-posvecen-nauci\/\">Premijera predstave \u201eTesla\u201c i vikend posve\u0107en nauci<\/a><\/blockquote><iframe sandbox=\"allow-scripts\" security=\"restricted\" src=\"https:\/\/malopozoriste.smashingpixel.net\/sr-latn\/premijera-predstave-tesla-i-vikend-posvecen-nauci\/embed\/#?secret=MYTYIp9rMN\" width=\"600\" height=\"338\" title=\"&#8220;Premijera predstave \u201eTesla\u201c i vikend posve\u0107en nauci&#8221; &#8212; malopozoriste\" data-secret=\"MYTYIp9rMN\" frameborder=\"0\" marginwidth=\"0\" marginheight=\"0\" scrolling=\"no\" class=\"wp-embedded-content\"><\/iframe><script>\n\/*! This file is auto-generated *\/\n!function(d,l){\"use strict\";l.querySelector&&d.addEventListener&&\"undefined\"!=typeof URL&&(d.wp=d.wp||{},d.wp.receiveEmbedMessage||(d.wp.receiveEmbedMessage=function(e){var t=e.data;if((t||t.secret||t.message||t.value)&&!\/[^a-zA-Z0-9]\/.test(t.secret)){for(var s,r,n,a=l.querySelectorAll('iframe[data-secret=\"'+t.secret+'\"]'),o=l.querySelectorAll('blockquote[data-secret=\"'+t.secret+'\"]'),c=new RegExp(\"^https?:$\",\"i\"),i=0;i<o.length;i++)o[i].style.display=\"none\";for(i=0;i<a.length;i++)s=a[i],e.source===s.contentWindow&&(s.removeAttribute(\"style\"),\"height\"===t.message?(1e3<(r=parseInt(t.value,10))?r=1e3:~~r<200&&(r=200),s.height=r):\"link\"===t.message&&(r=new URL(s.getAttribute(\"src\")),n=new URL(t.value),c.test(n.protocol))&&n.host===r.host&&l.activeElement===s&&(d.top.location.href=t.value))}},d.addEventListener(\"message\",d.wp.receiveEmbedMessage,!1),l.addEventListener(\"DOMContentLoaded\",function(){for(var e,t,s=l.querySelectorAll(\"iframe.wp-embedded-content\"),r=0;r<s.length;r++)(t=(e=s[r]).getAttribute(\"data-secret\"))||(t=Math.random().toString(36).substring(2,12),e.src+=\"#?secret=\"+t,e.setAttribute(\"data-secret\",t)),e.contentWindow.postMessage({message:\"ready\",secret:t},\"*\")},!1)))}(window,document);\n\/\/# sourceURL=https:\/\/malopozoriste.smashingpixel.net\/wp-includes\/js\/wp-embed.min.js\n<\/script>\n","thumbnail_url":"https:\/\/malopozoriste.smashingpixel.net\/wp-content\/uploads\/2025\/05\/Tesla-foto-B-Abdulovic-pzm-28.jpg","thumbnail_width":1280,"thumbnail_height":853,"description":"Premijera predstave \u201eTesla\u201c i vikend posve\u0107en nauci Predstoje\u0107i vikend u Malom pozori\u0161tu \u201eDu\u0161ko Radovi\u0107\u201c donosi uzbu\u0111enje, inspiraciju i susret sa naukom kroz umetnost. Sa velikim ponosom najavljujemo premijeru predstave \u201eTESLA\u201c, po tekstu Mine Milo\u0161evi\u0107, po konceptu i u re\u017eiji Ivana Baleti\u0107a, koja \u0107e biti izvedena u petak, 30. maja, u 20 \u010dasova. Predstava \u201eTesla\u201c oslanja [&hellip;]"}

Premijera predstave „Tesla“ i vikend posvećen nauci - malopozoriste

<blockquote class="wp-embedded-content" data-secret="MYTYIp9rMN"><a href="https://malopozoriste.smashingpixel.net/sr-latn/premijera-predstave-tesla-i-vikend-posvecen-nauci/">Premijera predstave „Tesla“ i vikend posvećen nauci</a></blockquote><iframe sandbox="allow-scripts" security="restricted" src="https://malopozoriste.smashingpixel.net/sr-latn/premijera-predstave-tesla-i-vikend-posvecen-nauci/embed/#?secret=MYTYIp9rMN" width="600" height="338" title="&#8220;Premijera predstave „Tesla“ i vikend posvećen nauci&#8221; &#8212; malopozoriste" data-secret="MYTYIp9rMN" frameborder="0" marginwidth="0" marginheight="0" scrolling="no" class="wp-embedded-content"></iframe><script>
/*! This file is auto-generated */
!function(d,l){"use strict";l.querySelector&&d.addEventListener&&"undefined"!=typeof URL&&(d.wp=d.wp||{},d.wp.receiveEmbedMessage||(d.wp.receiveEmbedMessage=function(e){var t=e.data;if((t||t.secret||t.message||t.value)&&!/[^a-zA-Z0-9]/.test(t.secret)){for(var s,r,n,a=l.querySelectorAll('iframe[data-secret="'+t.secret+'"]'),o=l.querySelectorAll('blockquote[data-secret="'+t.secret+'"]'),c=new RegExp("^https?:$","i"),i=0;i<o.length;i++)o[i].style.display="none";for(i=0;i<a.length;i++)s=a[i],e.source===s.contentWindow&&(s.removeAttribute("style"),"height"===t.message?(1e3<(r=parseInt(t.value,10))?r=1e3:~~r<200&&(r=200),s.height=r):"link"===t.message&&(r=new URL(s.getAttribute("src")),n=new URL(t.value),c.test(n.protocol))&&n.host===r.host&&l.activeElement===s&&(d.top.location.href=t.value))}},d.addEventListener("message",d.wp.receiveEmbedMessage,!1),l.addEventListener("DOMContentLoaded",function(){for(var e,t,s=l.querySelectorAll("iframe.wp-embedded-content"),r=0;r<s.length;r++)(t=(e=s[r]).getAttribute("data-secret"))||(t=Math.random().toString(36).substring(2,12),e.src+="#?secret="+t,e.setAttribute("data-secret",t)),e.contentWindow.postMessage({message:"ready",secret:t},"*")},!1)))}(window,document);
//# sourceURL=https://malopozoriste.smashingpixel.net/wp-includes/js/wp-embed.min.js
</script>

Premijera predstave „Tesla“ i vikend posvećen nauci Predstojeći vikend u Malom pozorištu „Duško Radović“ donosi uzbuđenje, inspiraciju i susret sa naukom kroz umetnost. Sa velikim ponosom najavljujemo premijeru predstave „TESLA“, po tekstu Mine Milošević, po konceptu i u režiji Ivana Baletića, koja će biti izvedena u petak, 30. maja, u 20 časova. Predstava „Tesla“ oslanja [&hellip;]
